 the prime factors of j.
131
Suppose 4*b - 6 + 22 = 0. Let k = 10 + b. List the prime factors of (-3)/k - (-38)/4.
3
Let k(b) = -b**3 - 6*b**2 - 6*b + 4. List the prime factors of k(-5).
3
Suppose -2*u + 3*u = 3. Suppose l = b - 55, 0 = 3*b - 4*l + u*l - 157. List the prime factors of b.
3, 17
Let x(q) = q**3 + 6*q**2 + 3*q - 5. Suppose 2*h - h + 5 = 0. Let z be x(h). Suppose 4*u - 32 = -3*a - a, z*a = -u + 20. List the prime factors of u.
5
Suppose -2*p + 12 = 3*a + p, 2*p = 5*a - 27. Let o be a/2*(-18)/(-15). Suppose 0*f + f - o = -2*w, w = 4*f - 21. List the prime factors of f.
5
Suppose 0 = 5*j - 5*q - 400, 3*j - 215 = -0*j - 2*q. What are the prime factors of j?
3, 5
Suppose -3*u - 3*k = -4*u, 4*u + 5*k = 0. Suppose u = -2*n - 0*n - 42. Let v = -15 - n. List the prime factors of v.
2, 3
Let l = -2 + -2. Let d = 0 - l. Suppose -5*c = d - 59. What are the prime factors of c?
11
Let q be 3*31 + (9 - 10). What are the prime factors of (-1*q)/((-6)/3)?
2, 23
Let f = -78 - -117. Suppose 0 = -4*q + f + 73. What are the prime factors of q?
2, 7
Let a(m) be the first derivative of -m**4/4 + 2*m**3/3 + 2*m**2 - 3*m + 3. List the prime factors of a(2).
5
Let x = -38 - -90. What are the prime factors of x?
2, 13
Let c(g) = 5 + g - 3 + 3. What are the prime factors of c(0)?
5
List the prime factors of 1371/12 - 4/16.
2, 3, 19
Let q = -2 - -4. Suppose -4*v + 4 = 5*l, 4*l + 4 = q*l - 3*v. List the prime factors of l.
2
Suppose -3*b = 5*s - 27, 4*b = -0*s + 2*s - 16. What are the prime factors of s?
2, 3
Let c(s) = -s**3 - 2*s**2 + 2*s + 2. Let u be c(-2). Let j(v) = -3*v**3 + v**2 - 4*v - 5. What are the prime factors of j(u)?
31
Let v(z) = -10*z - 2. Let q be v(2). Suppose 0 = -f - 2*j - 34, -2*j - j = 5*f + 170. Let n = q - f. What are the prime factors of n?
2, 3
Suppose 37 = 5*x + 4*j, j + 2 = 5*x - 45. Let n = x - 9. Let f = n - -2. What are the prime factors of f?
2
Let p = -93 + 145. What are the prime factors of p?
2, 13
Let s be ((-60)/18)/((-4)/6). Let z(p) = -p**3 + p**2 + p - 1. Let v(w) = 5*w**3 - 2*w**2 + w + 7. Let c(k) = v(k) + 6*z(k). List the prime factors of c(s).
11
Suppose 3*u - 8 = -29. Let o(t) be the first derivative of t**2/2 + 17*t + 8. List the prime factors of o(u).
2, 5
Suppose 0*h + 3*h = 6. Suppose h*l - 3*l + 35 = 0. What are the prime factors of l?
5, 7
Suppose -4 = 4*d + 4. What are the prime factors of 406/49 - d/(-7)?
2
Let i(w) be the second derivative of w**5/20 + w**4/2 + 2*w**3/3 + 3*w**2/2 + 2*w. What are the prime factors of i(-5)?
2
Let y(s) = -s**2 + 7*s. Let m be y(7). Suppose m*n - 2 = -n. Suppose 2*l + 14 = 2*a, -6*a + 5*a + n*l + 4 = 0. List the prime factors of a.
2, 5
Let h(a) = -6*a - 3. Let g be h(-4). Let k = -15 + g. List the prime factors of k.
2, 3
Let b = 1 - -3. Suppose b*h = 6 + 6. Suppose 8*o - 15 = h*o. What are the prime factors of o?
3
Let v be (-52)/(-14) - (-2)/7. Suppose 4 = -4*w + 5*l, 18 = 2*w + v*l - 6. Suppose 4*p + 4*d - 28 = 0, -4*p + 0*d + w*d = 12. List the prime factors of p.
2
Suppose 2*l = -5*o + 88, o = 2*l + 2 + 6. Suppose o = -w + 57. What are the prime factors of w?
41
Let u(y) = -14*y + 1. Let i be u(-1). Suppose 0 = -p - 4*p + i. What are the prime factors of p?
3
Let c be ((-36)/(-10))/(4/10). Let p(j) = j**2 - 8*j - 7. List the prime factors of p(c).
2
Suppose 232 + 2448 = 20*m. List the prime factors of m.
2, 67
Let g(v) = v - 4. Let k be g(7). Suppose a + q + 2*q - 14 = 0, -k*q - 8 = -a. List the prime factors of a.
11
Let c be ((-1)/2)/((-1)/8). Suppose 106 = c*n - 5*q, 25 = n - 4*q - 7. List the prime factors of n.
2, 3
Let n = 22 + -16. List the prime factors of (-30)/(-9)*9/n.
5
Suppose -4*r + 3*r = q, -3*r = 4*q - 2. Suppose q*c - 15 = 37. What are the prime factors of c?
2, 13
Suppose 7*a + 233 - 1325 = 0. List the prime factors of a.
2, 3, 13
Let s(m) = m**2 + 4*m - 4. List the prime factors of s(-11).
73
Let v(p) = p**3 - 9*p**2 + 9*p + 29. List the prime factors of v(10).
3, 73
What are the prime factors of (-7)/7 + 0 + 108?
107
Let b(d) = d**2 + 3*d - 1. Let l be b(-3). What are the prime factors of (-27)/(-3) + l - 3?
5
Suppose 4*d - 470 = 106. What are the prime factors of d?
2, 3
Let m = -8 - -11. Let v(g) = 2*g + 0*g**2 - 4*g + g**2 + 3. List the prime factors of v(m).
2, 3
What are the prime factors of (-1 + -1 + -5)*-3?
3, 7
Let r(b) = b**3 + 62. What are the prime factors of r(0)?
2, 31
Let l(d) = -12*d - 13. List the prime factors of l(-8).
83
Let n(x) = -4 + 0 - 1 - 2*x - 3. What are the prime factors of n(-10)?
2, 3
Let u be 24*(-1 - 6/(-3)). Suppose -22 = 2*o - a - 5, -3*o = -a + u. What are the prime factors of 2/o + 116/14?
2
Suppose r = 8 - 6. Suppose -r*q = a - 37, q = 2*a + 2*q - 74. What are the prime factors of a?
37
Let m = 25 - 37. Let b be (-13)/(-4) - (-3)/m. Suppose 0 = 3*r + b*j - 24, 3*j = -0*j + 15. What are the prime factors of r?
3
Suppose -u - 5 = 0, 6*r - 3*r + 5*u - 302 = 0. List the prime factors of r.
109
Suppose -10*b = -8*b - 152. Let m = -38 + b. What are the prime factors of m?
2, 19
Suppose 20 - 7 = l. Let i = l + -9. What are the prime factors of i + 12 + 2 + -2?
2
Suppose 13 = -w - 2*j - 2*j, 5*w + 20 = -5*j. Let q(a) = 22*a**2 + a. What are the prime factors of q(w)?
3, 7
Let y(q) = q**2 + 4*q - 2. Let r be y(-5). Let s = r + 4. List the prime factors of s.
7
Let w(j) = j + 3. Let q = -6 + 9. What are the prime factors of w(q)?
2, 3
What are the prime factors of (-2905)/(-25) + 4 - 4/(-5)?
11
List the prime factors of (-12)/(-16) + (-2175)/(-12).
2, 7, 13
Let g(w) = -w**2 - 9*w - 5. Let y(k) = -k - 6. Let t be y(-8). Suppose -r - t*i - 18 = 3*r, 0 = -3*r + i - 16. List the prime factors of g(r).
3, 5
Let c be (-6)/(-8)*72/27. Let p = c + 3. Suppose x + 3*a - 3 = 7, 5*x = p*a + 50. What are the prime factors of x?
2, 5
Suppose -v - 4*v + 10 = 0. Suppose -3*u - 8 = v*l, 4*l + 0*u = -2*u. List the prime factors of l + 0/1 + 7.
3
Let n(a) = 13*a**2 + a - 5*a**2 - 3*a**2 + 10*a**2. Suppose -3*w + 1 + 2 = 0. List the prime factors of n(w).
2
Suppose -2*m = -5*m + 9. Let t be 5/m + 4/12. Suppose o - 3*o = 3*w - t, -4*o + 18 = -w. What are the prime factors of o?
2
Let b = -79 + 165. List the prime factors of b.
2, 43
List the prime factors of (-6)/4 - (-973)/14.
2, 17
Suppose 138 + 534 = 4*i. What are the prime factors of i?
2, 3, 7
Let c = -5 - -7. Let v = 24 - c. List the prime factors of v.
2, 11
Suppose 4*d = -p - 0 - 11, -2*d + 4*p + 8 = 0. Let l(j) = -2*j - 2. Let k be l(d). List the prime factors of (0/3 - k) + 14.
2, 3
Suppose -3*x = -5*x + 32. Let f = -32 + 59. Let k = f - x. What are the prime factors of k?
11
Let f(r) = -4*r + 1. Let l be f(-4). Suppose d + 3*j - l = 4, 0 = -4*j + 20. Let a = 10 - d. List the prime factors of a.
2
Let q(x) = -3*x**2 - 2*x + 3. Let y(n) = 15*n**2 + 10*n - 16. Let m(l) = -11*q(l) - 2*y(l). Let r be m(1). Let j = 2 + r. What are the prime factors of j?
2, 3
Suppose 2*p - 2*w = 304, -5*p + 3*w + 0*w = -764. What are the prime factors of p?
2, 7, 11
Let o be ((-10)/6)/(1/(-33)). Suppose 5*b - o = -5*q, 2*q - 34 = b - 4*b. What are the prime factors of b?
2, 3
Let i(t) = 8*t**3 - 5 + 5. Let q be i(1). Suppose -6*x = -2*x - q. List the prime factors of x.
2
Let i = 125 + -80. List the prime factors of 214/10 + (-18)/i.
3, 7
Let o = 14 - 10. Let b = 5 - o. Suppose l = -b + 17. What are the prime factors of l?
2
Let r(o) = o**3 + 7*o**2 - 11*o - 3. What are the prime factors of r(-6)?
3, 11
Let w be (-5)/(1 + (-2 - 0)). Suppose w*b + 1 = -2*m + 10, -4*b = -2*m + 36. What are the prime factors of m?
2, 3
Let f be ((-6)/(-4))/((-3)/48). Let b = -14 - f. List the prime factors of b.
2, 5
Suppose 0*q + 4*q - 64 = 0. Let w = -15 - -17. Suppose -3*h - 14 = -4*v, 3*v - q = 7*h - w*h. What are the prime factors of v?
2
Suppose 4*s + 23 = v, 5*v = 3*s - 0*v - 4. Let h = -4 - s. List the prime factors of h.
3
Let c = 10 - 6. Suppose -c*d + 18 + 2 = 0. Let a = d - 3. What are the prime factors of a?
2
Let l = -258 + 437. List the prime factors of l.
179
Suppose 0 = 7*x - 2*x + 5*l + 15, 5*x - 3*l - 25 = 0. Let v = x + 1. Suppose -s + v = 1. What are the prime factors of s?
2
Let j(t) = t**3 - t - 2. Let q be j(2). Suppose 3*h - 77 = q*k, h + 5*k = k - 1. What are the prime factors of h?
19
Let j